{"id":585,"date":"2025-01-04T13:06:43","date_gmt":"2025-01-04T13:06:43","guid":{"rendered":"https:\/\/www.hosu.hr\/?page_id=585"},"modified":"2025-03-28T19:25:22","modified_gmt":"2025-03-28T19:25:22","slug":"dogadanja","status":"publish","type":"page","link":"https:\/\/www.hosu.hr\/?page_id=585","title":{"rendered":"Doga\u0111anja"},"content":{"rendered":"\n<p><strong>2025. <\/strong><\/p>\n\n\n\n<p>\ud83d\udcd6 PROMOCIJA KNJIGA &amp; RADIONICA S AUTORIMA<br>\ud83d\udcc5 11. travnja 2025.<br>\ud83d\udccd Knji\u017enica grada Zagreba, Star\u010devi\u0107ev trg 6<br>\u23f0 17:00 \u2013 Promocija knjiga<br>\u23f0 18:30 \u2013 Radionica s autorima (za \u010dlanove udruge)<\/p>\n\n\n\n<p>HOSU s ponosom predstavlja prijevode dvaju zna\u010dajnih priru\u010dnika:<br>\ud83d\udcd6 <em>Orff Schulwerk, Priru\u010dnik<\/em> \u2013 <em>Pedago\u0161ka na\u010dela elementarne glazbe i pokreta<\/em><br>\u270d\ufe0f <strong>Autorica:<\/strong> <em>Emine Yaprak-Kotzian<\/em><\/p>\n\n\n\n<p>\ud83d\udcd6 <em>Orff Schulwerk, Ponovno otkrivanje<\/em> \u2013 <em>Glazbeni primjeri i pedago\u0161ki modeli<\/em><br>\u270d\ufe0f <strong>Autor:<\/strong> <em>Rainer Kotzian<\/em><\/p>\n\n\n\n<p>\ud83d\udcda <strong>Prijevod s njema\u010dkog:<\/strong> Nata\u0161a Klari\u0107 Bonacci &#8220;Handbuch Orff-Schulwerk, Grundlagen der Elementaren Musik- und Bewegungsp\u00e4dagogik&#8221; i &#8220;Das Orff-Schulwerk neu entdecken, Spielst\u00fccke und Unterrichtsmodelle&#8221;<\/p>\n\n\n\n<figure class=\"wp-block-image size-full\"><a href=\"https:\/\/www.hosu.hr\/wp-content\/uploads\/2025\/03\/Poster-za-11.4.jpg\"><img loading=\"lazy\" decoding=\"async\" width=\"960\" height=\"540\" src=\"https:\/\/www.hosu.hr\/wp-content\/uploads\/2025\/03\/Poster-za-11.4.jpg\" alt=\"\" class=\"wp-image-622\" srcset=\"https:\/\/www.hosu.hr\/wp-content\/uploads\/2025\/03\/Poster-za-11.4.jpg 960w, https:\/\/www.hosu.hr\/wp-content\/uploads\/2025\/03\/Poster-za-11.4-300x169.jpg 300w, https:\/\/www.hosu.hr\/wp-content\/uploads\/2025\/03\/Poster-za-11.4-768x432.jpg 768w\" sizes=\"auto, (max-width: 960px) 100vw, 960px\" \/><\/a><\/figure>\n\n\n\n<p>\ud83c\udfbc RADIONICA: IMPROVIZACIJSKE TEHNIKE U ORFF SCHULWERKU<br>\ud83d\udcc5 12. travnja 2025.<br>\ud83d\udccd Edukacijsko-terapijsko imanje Vinkovec<br>Voditelj: Orff pedagog Rouger Sans Guimera (Katalonija)<\/p>\n\n\n\n<p>\ud83d\udd39 Raspored radionice:<br>\ud83d\udd64 <strong>9:30 \u2013 11:00<\/strong> Prvi blok<br>\u2615 <strong>11:00 \u2013 11:30<\/strong> Pauza<br>\ud83d\udd66 <strong>11:30 \u2013 13:00<\/strong> Drugi blok<br>\ud83c\udf7d\ufe0f <strong>13:30<\/strong> Ru\u010dak &amp; dru\u017eenje s gostima<\/p>\n\n\n\n<p>\u2726 Posebni gosti: prof. <strong>Rainer Kotzian<\/strong> &amp; doc. <strong>Emine Yaprak Kotzian<\/strong> <\/p>\n\n\n\n<p>Kotizacija:<\/p>\n\n\n\n<p>130 eura<br>Cijena uklju\u010duje radionice, ru\u010dak i dva prva prevedena priru\u010dnika na hrvatskom jeziku.<\/p>\n\n\n\n<div class=\"wp-block-buttons is-layout-flex wp-block-buttons-is-layout-flex\">\n<div class=\"wp-block-button\"><a class=\"wp-block-button__link wp-element-button\" href=\"https:\/\/form.jotform.com\/250291365272354\">Prijava <\/a><\/div>\n<\/div>\n\n\n\n<p><\/p>\n\n\n\n<figure class=\"wp-block-image size-large\"><a href=\"https:\/\/www.hosu.hr\/wp-content\/uploads\/2025\/03\/Dogadanja-2025.png\"><img loading=\"lazy\" decoding=\"async\" width=\"1024\" height=\"724\" src=\"https:\/\/www.hosu.hr\/wp-content\/uploads\/2025\/03\/Dogadanja-2025-1024x724.png\" alt=\"\" class=\"wp-image-623\" srcset=\"https:\/\/www.hosu.hr\/wp-content\/uploads\/2025\/03\/Dogadanja-2025-1024x724.png 1024w, https:\/\/www.hosu.hr\/wp-content\/uploads\/2025\/03\/Dogadanja-2025-300x212.png 300w, https:\/\/www.hosu.hr\/wp-content\/uploads\/2025\/03\/Dogadanja-2025-768x543.png 768w, https:\/\/www.hosu.hr\/wp-content\/uploads\/2025\/03\/Dogadanja-2025-1536x1086.png 1536w, https:\/\/www.hosu.hr\/wp-content\/uploads\/2025\/03\/Dogadanja-2025.png 2000w\" sizes=\"auto, (max-width: 1024px) 100vw, 1024px\" \/><\/a><\/figure>\n\n\n\n<p><strong>Online radionice- Uvod u Orff Schulwerk<\/strong><\/p>\n\n\n\n<p>\ud83c\udfb6 <strong>\u0160to vas o\u010dekuje?<\/strong><\/p>\n\n\n\n<p>1\ufe0f\u20e3 <strong>Orff Instrumentarij 8.3.<\/strong>: Kori\u0161tenje Orffovih instrumenata za poticanje kreativnosti i timskog rada. Upoznajte \u010daroliju Orff instrumentarija, koji uklju\u010duje jednostavne ritamske instrumente kao i DIY instrumente koje mo\u017eete sami izraditi. Ovi instrumenti su prilago\u0111eni razli\u010ditim uzrastima i glazbenim sposobnostima te omogu\u0107uju istra\u017eivanje zvuka, ritma i melodije na intuitivan na\u010din. U praksi, njihova upotreba poti\u010de aktivno sudjelovanje, kreativno izra\u017eavanje, improvizaciju i suradnju u grupi, \u010dine\u0107i glazbu pristupa\u010dnom i zabavnom za sve sudionike.<\/p>\n\n\n\n<p>2\ufe0f\u20e3 <strong>Teorija 15.3.<\/strong>: Orff Schulwerk je jedinstveni pedago\u0161ki pristup glazbenoj edukaciji koji je razvio Carl Orff po\u010detkom 20. stolje\u0107a u suradnji s Gunild Keetman. Temelji se na ideji da su ritam, pokret, govor i melodija prirodni elementi muziciranja, a glazba se do\u017eivljava kroz igru, improvizaciju i stvaranje. Orff metoda stavlja naglasak na iskustveno u\u010denje gdje su u\u010denici aktivni sudionici u procesu, koriste\u0107i svoje tijelo kao instrument i istra\u017euju\u0107i zvukove jednostavnih ritamskih i melodijskih instrumenata. Teorijski aspekti Orff pristupa obuhva\u0107aju kreativno povezivanje glazbenih elemenata s drugim umjetni\u010dkim oblicima, \u010dine\u0107i u\u010denje glazbe intuitivnim, zabavnim i duboko anga\u017eiranim. Kori\u0161tenjem jednostavnih vizualnih pomagala, igara i improvizacijskih tehnika, polaznici \u0107e ste\u0107i dublje razumijevanje teorijskih koncepata. Fokus je na iskustvenom u\u010denju koje omogu\u0107uje lak\u0161e usvajanje znanja kroz vlastito stvarala\u0161tvo i aktivno sudjelovanje.<\/p>\n\n\n\n<p>3\ufe0f\u20e3 <strong>Obrada Pjesme 22.3.<\/strong>: Pristupi obradama pjesama uz modernu didaktiku.<\/p>\n\n\n\n<p>\ud83d\udccd <strong>Napomena:<\/strong> Zadnja radionica (22. o\u017eujka) bit \u0107e <strong>hibridna<\/strong> i odr\u017eat \u0107e se u\u017eivo na Edukacijsko-rehabilitacijskom centru Vinkovec, malenom selu 45 minuta od Zagreba. Ova mirna seoska lokacija nudi idealne uvjete za rad i boravak, okru\u017eena prirodom i daleko od gradske vreve. Savr\u0161eno mjesto gdje se svi osje\u0107aju dobro \u2013 bilo da u\u010de, stvaraju ili se samo opu\u0161taju.<\/p>\n\n\n\n<p>\ud83d\udcb6 <strong>Kotizacija:<\/strong><\/p>\n\n\n\n<p>Early bird paket za sve tri radionice: 30 eura (vrijedi za prijave do 15.2.)<\/p>\n\n\n\n<p>Puna cijena: 45 eura<\/p>\n\n\n\n<p>Pojedina\u010dna radionica: 15 eura<\/p>\n\n\n\n<div class=\"wp-block-buttons is-layout-flex wp-block-buttons-is-layout-flex\">\n<div class=\"wp-block-button\"><a class=\"wp-block-button__link wp-element-button\" href=\"https:\/\/forms.gle\/68MGG6UaQhf3wzAp7\">Prijava <\/a><\/div>\n<\/div>\n\n\n\n<p><\/p>\n\n\n\n<div class=\"wp-block-group\"><div class=\"wp-block-group__inner-container is-layout-constrained wp-block-group-is-layout-constrained\">\n<figure class=\"wp-block-image size-full is-resized\"><a href=\"https:\/\/www.hosu.hr\/wp-content\/uploads\/2025\/01\/1127ac31-5dac-4992-a3ef-ddb7a904ce81.jpg\"><img loading=\"lazy\" decoding=\"async\" width=\"940\" height=\"788\" src=\"https:\/\/www.hosu.hr\/wp-content\/uploads\/2025\/01\/1127ac31-5dac-4992-a3ef-ddb7a904ce81.jpg\" alt=\"\" class=\"wp-image-596\" style=\"width:218px;height:auto\" srcset=\"https:\/\/www.hosu.hr\/wp-content\/uploads\/2025\/01\/1127ac31-5dac-4992-a3ef-ddb7a904ce81.jpg 940w, https:\/\/www.hosu.hr\/wp-content\/uploads\/2025\/01\/1127ac31-5dac-4992-a3ef-ddb7a904ce81-300x251.jpg 300w, https:\/\/www.hosu.hr\/wp-content\/uploads\/2025\/01\/1127ac31-5dac-4992-a3ef-ddb7a904ce81-768x644.jpg 768w\" sizes=\"auto, (max-width: 940px) 100vw, 940px\" \/><\/a><\/figure>\n<\/div><\/div>\n\n\n\n<p><strong>2024. <\/strong><\/p>\n\n\n\n<ul class=\"wp-block-list\">\n<li>Psychology and Music- Interdisciplinary Encounters<\/li>\n<\/ul>\n\n\n\n<ul class=\"wp-block-list\">\n<li>International music village <\/li>\n<\/ul>\n","protected":false},"excerpt":{"rendered":"<p>2025. \ud83d\udcd6 PROMOCIJA KNJIGA &amp; RADIONICA S AUTORIMA\ud83d\udcc5 11. travnja 2025.\ud83d\udccd Knji\u017enica grada Zagreba, Star\u010devi\u0107ev trg 6\u23f0 17:00 \u2013 Promocija knjiga\u23f0 18:30 \u2013 Radionica s autorima (za \u010dlanove udruge) HOSU s ponosom predstavlja prijevode dvaju zna\u010dajnih priru\u010dnika:\ud83d\udcd6 Orff Schulwerk, Priru\u010dnik \u2013 Pedago\u0161ka na\u010dela elementarne glazbe i pokreta\u270d\ufe0f Autorica: Emine Yaprak-Kotzian \ud83d\udcd6 Orff Schulwerk, Ponovno otkrivanje &hellip; <a href=\"https:\/\/www.hosu.hr\/?page_id=585\" class=\"more-link\">Nastavi \u010ditati <span class=\"screen-reader-text\">Doga\u0111anja<\/span> <span class=\"meta-nav\">&rarr;<\/span><\/a><\/p>\n","protected":false},"author":3,"featured_media":0,"parent":13,"menu_order":0,"comment_status":"closed","ping_status":"closed","template":"","meta":{"footnotes":""},"class_list":["post-585","page","type-page","status-publish","hentry"],"_links":{"self":[{"href":"https:\/\/www.hosu.hr\/index.php?rest_route=\/wp\/v2\/pages\/585","targetHints":{"allow":["GET"]}}],"collection":[{"href":"https:\/\/www.hosu.hr\/index.php?rest_route=\/wp\/v2\/pages"}],"about":[{"href":"https:\/\/www.hosu.hr\/index.php?rest_route=\/wp\/v2\/types\/page"}],"author":[{"embeddable":true,"href":"https:\/\/www.hosu.hr\/index.php?rest_route=\/wp\/v2\/users\/3"}],"replies":[{"embeddable":true,"href":"https:\/\/www.hosu.hr\/index.php?rest_route=%2Fwp%2Fv2%2Fcomments&post=585"}],"version-history":[{"count":11,"href":"https:\/\/www.hosu.hr\/index.php?rest_route=\/wp\/v2\/pages\/585\/revisions"}],"predecessor-version":[{"id":625,"href":"https:\/\/www.hosu.hr\/index.php?rest_route=\/wp\/v2\/pages\/585\/revisions\/625"}],"up":[{"embeddable":true,"href":"https:\/\/www.hosu.hr\/index.php?rest_route=\/wp\/v2\/pages\/13"}],"wp:attachment":[{"href":"https:\/\/www.hosu.hr\/index.php?rest_route=%2Fwp%2Fv2%2Fmedia&parent=585"}],"curies":[{"name":"wp","href":"https:\/\/api.w.org\/{rel}","templated":true}]}}